 when 2610515 is divided by 332?
331
Calculate the remainder when 18617 is divided by 130.
27
Calculate the remainder when 17018 is divided by 37.
35
What is the remainder when 2248 is divided by 653?
289
Calculate the remainder when 10415 is divided by 253.
42
What is the remainder when 65868 is divided by 117?
114
Calculate the remainder when 1539 is divided by 2.
1
What is the remainder when 18081 is divided by 6024?
9
Calculate the remainder when 228527 is divided by 207.
206
Calculate the remainder when 711513 is divided by 29.
27
Calculate the remainder when 115120 is divided by 97.
78
Calculate the remainder when 658552 is divided by 526.
0
What is the remainder when 15545 is divided by 72?
65
Calculate the remainder when 15945 is divided by 15856.
89
Calculate the remainder when 6627 is divided by 297.
93
What is the remainder when 692 is divided by 305?
82
Calculate the remainder when 568 is divided by 200.
168
Calculate the remainder when 67306 is divided by 277.
272
What is the remainder when 5359 is divided by 5?
4
What is the remainder when 307016 is divided by 34110?
26
Calculate the remainder when 613823 is divided by 96.
95
Calculate the remainder when 2174 is divided by 539.
18
Calculate the remainder when 54597 is divided by 5.
2
Calculate the remainder when 8488 is divided by 212.
8
Calculate the remainder when 219463 is divided by 310.
293
Calculate the remainder when 9332 is divided by 1849.
87
Calculate the remainder when 341195 is divided by 170590.
15
What is the remainder when 738 is divided by 70?
38
Calculate the remainder when 6836 is divided by 19.
15
Calculate the remainder when 6445 is divided by 2148.
1
Calculate the remainder when 7492 is divided by 5676.
1816
Calculate the remainder when 8489 is divided by 82.
43
What is the remainder when 11212 is divided by 63?
61
What is the remainder when 1766 is divided by 130?
76
Calculate the remainder when 88 is divided by 4.
0
What is the remainder when 76960 is divided by 25620?
100
Calculate the remainder when 63514 is divided by 31750.
14
Calculate the remainder when 603 is divided by 328.
275
What is the remainder when 7161 is divided by 921?
714
What is the remainder when 36041 is divided by 2002?
5
What is the remainder when 70396 is divided by 88?
84
What is the remainder when 73309 is divided by 24421?
46
Calculate the remainder when 90911 is divided by 119.
114
What is the remainder when 151618 is divided by 15?
13
What is the remainder when 5269 is divided by 265?
234
Calculate the remainder when 128417 is divided by 8026.
1
What is the remainder when 10332 is divided by 4?
0
Calculate the remainder when 36962 is divided by 770.
2
What is the remainder when 901 is divided by 82?
81
What is the remainder when 3717 is divided by 138?
129
What is the remainder when 3302 is divided by 299?
13
What is the remainder when 143612 is divided by 192?
188
What is the remainder when 12395 is divided by 6?
5
Calculate the remainder when 934514 is divided by 67.
65
Calculate the remainder when 2848079 is divided by 15.
14
Calculate the remainder when 488871 is divided by 4.
3
What is the remainder when 586631 is divided by 83?
70
Calculate the remainder when 6128 is divided by 180.
8
What is the remainder when 4124951 is divided by 108?
107
What is the remainder when 88220 is divided by 48?
44
What is the remainder when 5035 is divided by 219?
217
Calculate the remainder when 35187 is divided by 1170.
87
Calculate the remainder when 1179 is divided by 324.
207
What is the remainder when 339064 is divided by 36?
16
What is the remainder when 29835 is divided by 112?
43
What is the remainder when 180368 is divided by 147?
146
Calculate the remainder when 7796 is divided by 268.
24
Calculate the remainder when 8421 is divided by 45.
6
Calculate the remainder when 26399 is divided by 40.
39
Calculate the remainder when 102063 is divided by 12.
3
What is the remainder when 17210 is divided by 39?
11
Calculate the remainder when 2791 is divided by 1225.
341
What is the remainder when 3160 is divided by 79?
0
Calculate the remainder when 3814 is divided by 322.
272
What is the remainder when 1334 is divided by 38?
4
What is the remainder when 14195 is divided by 78?
77
What is the remainder when 2180 is divided by 13?
9
Calculate the remainder when 596723 is divided by 87.
77
What is the remainder when 19063 is divided by 339?
79
Calculate the remainder when 7194 is divided by 1579.
878
Calculate the remainder when 15117 is divided by 135.
132
What is the remainder when 3737 is divided by 44?
41
What is the remainder when 32023 is divided by 782?
743
What is the remainder when 851982 is divided by 135?
132
Calculate the remainder when 58934 is divided by 531.
524
What is the remainder when 3530 is divided by 444?
422
Calculate the remainder when 10989 is divided by 380.
349
Calculate the remainder when 839739 is divided by 1286.
1267
Calculate the remainder when 37290 is divided by 27.
3
What is the remainder when 38292 is divided by 41?
39
What is the remainder when 563 is divided by 8?
3
Calculate the remainder when 387377 is divided by 70.
67
What is the remainder when 113311 is divided by 211?
4
Calculate the remainder when 13743 is divided by 1863.
702
What is the remainder when 142127 is divided by 88?
7
Calculate the remainder when 215258 is divided by 176.
10
What is the remainder when 2930 is divided by 2792?
138
What is the remainder when 1358 is divided by 180?
98
Calculate the remainder when 4509250 is divided by 37.
23
What is the remainder when 27103 is divided by 27097?
6
What is the remainder when 13201 is divided by 2192?
49
Calculate the remainder when 44986 is divided by 92.
90
Calculate the remainder when 1799117 is divided by 449777.
9
Calculate the remainder when 32107 is divided by 292.
279
Calculate the remainder when 609170 is divided by 304578.
14
What is the remainder when 36853 is divided by 1938?
31
Calculate the remainder when 754837 is divided by 9.
7
Calculate the remainder when 64593 is divided by 1745.
28
Calculate the remainder when 1237386 is divided by 22.
18
Calculate the remainder when 243360 is divided by 208.
0
What is the remainder when 21907 is divided by 171?
19
Calculate the remainder when 18199 is divided by 81.
55
Calculate the remainder when 1861 is divided by 144.
133
What is the remainder when 1119 is divided by 8?
7
Calculate the remainder when 91691 is divided by 99.
17
What is the remainder when 7359 is divided by 9?
6
What is the remainder when 7648 is divided by 2591?
2466
What is the remainder when 13135 is divided by 650?
135
What is the remainder when 13323 is divided by 2650?
73
What is the remainder when 11778 is divided by 5886?
6
Calculate the remainder when 191721 is divided by 156.
153
Calculate the remainder when 13918 is divided by 49.
2
What is the remainder when 20626 is divided by 9?
7
Calculate the remainder when 1041 is divided by 33.
18
Calculate the remainder when 5134 is divided by 1223.
242
What is the remainder when 276 is divided by 143?
133
Calculate the remainder when 476 is divided by 75.
26
Calculate the remainder when 8119 is divided by 585.
514
Calculate the remainder when 7500 is divided by 51.
3
Calculate the remainder when 7755 is divided by 155.
5
What is the remainder when 55799 is divided by 45?
44
Calculate the remainder when 37839 is divided by 21.
18
Calculate the remainder when 5652 is divided by 6.
0
Calculate the remainder when 41281 is divided by 8.
1
What is the remainder when 79702 is divided by 369?
367
Calculate the remainder when 12090 is divided by 1725.
15
What is the remainder when 2604 is divided by 209?
96
What is the remainder when 1213 is divided by 450?
313
Calculate the remainder when 15669 is divided by 1.
0
Calculate the remainder when 1702 is divided by 76.
30
Calculate the remainder when 312 is divided by 147.
18
What is the remainder when 19058 is divided by 952?
18
Calculate the remainder when 31415 is divided by 88.
87
What is the remainder when 1459 is divided by 655?
149
Calculate the remainder when 1122 is divided by 296.
234
What is the remainder when 341310 is divided by 170640?
30
Calculate the remainder when 3873757 is divided by 220.
217
Calculate the